{"id":134,"date":"2021-04-12T14:21:12","date_gmt":"2021-04-12T12:21:12","guid":{"rendered":"http:\/\/eco.a77.pl\/?page_id=134"},"modified":"2021-05-17T00:07:59","modified_gmt":"2021-05-16T22:07:59","slug":"haccp","status":"publish","type":"page","link":"https:\/\/marclear.pl\/?page_id=134","title":{"rendered":"HACCP"},"content":{"rendered":"<p><!--themify_builder_static--><\/p>\n<h1>HACCP<br \/><\/h1>\n<h3>Czysto\u015b\u0107 nie dotyczy tylko tego co widzisz.<\/h3>\n<h3>My zadbamy o niewidoczne<\/h3>\n<h3>Linie technologiczne do produkcji \u017cywno\u015bci, przetw\u00f3rnie, ch\u0142odnie i magazyny.<\/h3>\n<h3>Wsz\u0119dzie tam czysto\u015b\u0107 ma najistotniejsze znaczenie<\/h3>\n<p><a href=\"\/kontakt\/\" > Problem? Zadzwo\u0144 lub napisz. <i><svg aria-hidden=\"true\"><use href=\"#tf-ti-hand-point-right\"><\/use><\/svg><\/i> <\/a><!--\/themify_builder_static--><\/p>\n<!-- AddThis Advanced Settings generic via filter on the_content --><!-- AddThis Share Buttons generic via filter on the_content -->","protected":false},"excerpt":{"rendered":"<p>HACCP Czysto\u015b\u0107 nie dotyczy tylko tego co widzisz. My zadbamy o niewidoczne Linie technologiczne do produkcji \u017cywno\u015bci, przetw\u00f3rnie, ch\u0142odnie i magazyny. Wsz\u0119dzie tam czysto\u015b\u0107 ma najistotniejsze znaczenie Problem? Zadzwo\u0144 lub napisz.<!-- AddThis Advanced Settings generic via filter on get_the_excerpt --><!-- AddThis Share Buttons generic via filter on get_the_excerpt --><\/p>\n","protected":false},"author":1,"featured_media":0,"parent":0,"menu_order":0,"comment_status":"closed","ping_status":"closed","template":"","meta":{"footnotes":""},"class_list":["post-134","page","type-page","status-publish","hentry","has-post-title","has-post-date","has-post-category","has-post-tag","has-post-comment","has-post-author",""],"_links":{"self":[{"href":"https:\/\/marclear.pl\/index.php?rest_route=\/wp\/v2\/pages\/134","targetHints":{"allow":["GET"]}}],"collection":[{"href":"https:\/\/marclear.pl\/index.php?rest_route=\/wp\/v2\/pages"}],"about":[{"href":"https:\/\/marclear.pl\/index.php?rest_route=\/wp\/v2\/types\/page"}],"author":[{"embeddable":true,"href":"https:\/\/marclear.pl\/index.php?rest_route=\/wp\/v2\/users\/1"}],"replies":[{"embeddable":true,"href":"https:\/\/marclear.pl\/index.php?rest_route=%2Fwp%2Fv2%2Fcomments&post=134"}],"version-history":[{"count":3,"href":"https:\/\/marclear.pl\/index.php?rest_route=\/wp\/v2\/pages\/134\/revisions"}],"predecessor-version":[{"id":512,"href":"https:\/\/marclear.pl\/index.php?rest_route=\/wp\/v2\/pages\/134\/revisions\/512"}],"wp:attachment":[{"href":"https:\/\/marclear.pl\/index.php?rest_route=%2Fwp%2Fv2%2Fmedia&parent=134"}],"curies":[{"name":"wp","href":"https:\/\/api.w.org\/{rel}","templated":true}]}}